{"id":11512,"date":"2026-04-13T10:14:59","date_gmt":"2026-04-13T08:14:59","guid":{"rendered":"https:\/\/modasabel.com\/?post_type=product&#038;p=11512"},"modified":"2026-04-13T10:23:54","modified_gmt":"2026-04-13T08:23:54","slug":"conjunto-coralia-elegante-de-dos-piezas-en-marron-chocolate","status":"publish","type":"product","link":"https:\/\/modasabel.com\/en\/producto\/conjunto-coralia-elegante-de-dos-piezas-en-marron-chocolate\/","title":{"rendered":"Conjunto Coralia elegante de dos piezas en marr\u00f3n chocolate"},"content":{"rendered":"<p data-start=\"556\" data-end=\"871\">El <strong data-start=\"559\" data-end=\"579\">conjunto Coralia<\/strong> es la opci\u00f3n perfecta si buscas un <strong data-start=\"615\" data-end=\"676\">conjunto elegante de dos piezas en color marr\u00f3n chocolate<\/strong>, con un estilo moderno, c\u00f3modo y muy favorecedor. Su tejido fluido con ligero acabado satinado aporta ese toque sofisticado que eleva cualquier look, tanto para eventos como para el d\u00eda a d\u00eda.<\/p>\n<p data-start=\"873\" data-end=\"1163\">La blazer cruzada con cintur\u00f3n permite ajustar la prenda y marcar la silueta, mientras que el pantal\u00f3n de pierna ancha estiliza y aporta movimiento, creando un conjunto equilibrado y muy actual. Es una prenda vers\u00e1til que puedes llevar junta para un look completo o combinar por separado.<\/p>\n<p data-start=\"1165\" data-end=\"1267\">Una elecci\u00f3n ideal para ir arreglada sin renunciar a la comodidad, siguiendo las \u00faltimas tendencias.<\/p>\n<p data-start=\"1269\" data-end=\"1332\">\ud83d\udcf2 Para m\u00e1s informaci\u00f3n o pedidos: <strong data-start=\"1304\" data-end=\"1330\">622 491 371 (WhatsApp)<\/strong><\/p>\n","protected":false},"excerpt":{"rendered":"<p>El conjunto Coralia es la opci\u00f3n perfecta si buscas un conjunto elegante de dos piezas en color marr\u00f3n chocolate, con un estilo moderno, c\u00f3modo y muy favorecedor. Su tejido fluido con ligero acabado satinado aporta ese toque sofisticado que eleva cualquier look, tanto para eventos como para el d\u00eda a d\u00eda. La blazer cruzada con [&hellip;]<\/p>\n","protected":false},"featured_media":11514,"comment_status":"closed","ping_status":"closed","template":"","meta":{"_acf_changed":false,"site-sidebar-layout":"default","site-content-layout":"","ast-site-content-layout":"default","site-content-style":"default","site-sidebar-style":"default","ast-global-header-display":"","ast-banner-title-visibility":"","ast-main-header-display":"","ast-hfb-above-header-display":"","ast-hfb-below-header-display":"","ast-hfb-mobile-header-display":"","site-post-title":"","ast-breadcrumbs-content":"","ast-featured-img":"","footer-sml-layout":"","ast-disable-related-posts":"","theme-transparent-header-meta":"default","adv-header-id-meta":"","stick-header-meta":"","header-above-stick-meta":"","header-main-stick-meta":"","header-below-stick-meta":"","astra-migrate-meta-layouts":"set","ast-page-background-enabled":"default","ast-page-background-meta":{"desktop":{"background-color":"var(--ast-global-color-4)","background-image":"","background-repeat":"repeat","background-position":"center center","background-size":"auto","background-attachment":"scroll","background-type":"","background-media":"","overlay-type":"","overlay-color":"","overlay-opacity":"","overlay-gradient":""},"tablet":{"background-color":"","background-image":"","background-repeat":"repeat","background-position":"center center","background-size":"auto","background-attachment":"scroll","background-type":"","background-media":"","overlay-type":"","overlay-color":"","overlay-opacity":"","overlay-gradient":""},"mobile":{"background-color":"","background-image":"","background-repeat":"repeat","background-position":"center center","background-size":"auto","background-attachment":"scroll","background-type":"","background-media":"","overlay-type":"","overlay-color":"","overlay-opacity":"","overlay-gradient":""}},"ast-content-background-meta":{"desktop":{"background-color":"var(--ast-global-color-5)","background-image":"","background-repeat":"repeat","background-position":"center center","background-size":"auto","background-attachment":"scroll","background-type":"","background-media":"","overlay-type":"","overlay-color":"","overlay-opacity":"","overlay-gradient":""},"tablet":{"background-color":"var(--ast-global-color-5)","background-image":"","background-repeat":"repeat","background-position":"center center","background-size":"auto","background-attachment":"scroll","background-type":"","background-media":"","overlay-type":"","overlay-color":"","overlay-opacity":"","overlay-gradient":""},"mobile":{"background-color":"var(--ast-global-color-5)","background-image":"","background-repeat":"repeat","background-position":"center center","background-size":"auto","background-attachment":"scroll","background-type":"","background-media":"","overlay-type":"","overlay-color":"","overlay-opacity":"","overlay-gradient":""}}},"marca-hombre":[],"marca-interior-hombre":[],"marca-interior-mujer":[],"marca-mujer":[241],"product_brand":[],"product_cat":[51,18],"product_tag":[],"class_list":{"0":"post-11512","1":"product","2":"type-product","3":"status-publish","4":"has-post-thumbnail","6":"marca-mujer-modasabel","7":"product_cat-chaquetas-mujer","8":"product_cat-mujer","9":"pa_tallaje-numerico-143","10":"desktop-align-left","11":"tablet-align-left","12":"mobile-align-left","14":"first","15":"instock","16":"taxable","17":"shipping-taxable","18":"purchasable","19":"product-type-variable"},"acf":[],"yoast_head":"<!-- This site is optimized with the Yoast SEO plugin v22.1 - https:\/\/yoast.com\/wordpress\/plugins\/seo\/ -->\n<title>Conjunto Coralia elegante de dos piezas en marr\u00f3n chocolate - MODA SABEL<\/title>\n<meta name=\"robots\" content=\"index, follow, max-snippet:-1, max-image-preview:large, max-video-preview:-1\" \/>\n<link rel=\"canonical\" href=\"https:\/\/modasabel.com\/en\/producto\/conjunto-coralia-elegante-de-dos-piezas-en-marron-chocolate\/\" \/>\n<meta property=\"og:locale\" content=\"en_US\" \/>\n<meta property=\"og:type\" content=\"article\" \/>\n<meta property=\"og:title\" content=\"Conjunto Coralia elegante de dos piezas en marr\u00f3n chocolate - MODA SABEL\" \/>\n<meta property=\"og:description\" content=\"El conjunto Coralia es la opci\u00f3n perfecta si buscas un conjunto elegante de dos piezas en color marr\u00f3n chocolate, con un estilo moderno, c\u00f3modo y muy favorecedor. Su tejido fluido con ligero acabado satinado aporta ese toque sofisticado que eleva cualquier look, tanto para eventos como para el d\u00eda a d\u00eda. La blazer cruzada con [&hellip;]\" \/>\n<meta property=\"og:url\" content=\"https:\/\/modasabel.com\/en\/producto\/conjunto-coralia-elegante-de-dos-piezas-en-marron-chocolate\/\" \/>\n<meta property=\"og:site_name\" content=\"MODA SABEL\" \/>\n<meta property=\"article:modified_time\" content=\"2026-04-13T08:23:54+00:00\" \/>\n<meta property=\"og:image\" content=\"https:\/\/modasabel.com\/wp-content\/uploads\/2026\/04\/WhatsApp-Image-2026-03-23-at-17.46.40.jpeg\" \/>\n\t<meta property=\"og:image:width\" content=\"1024\" \/>\n\t<meta property=\"og:image:height\" content=\"1536\" \/>\n\t<meta property=\"og:image:type\" content=\"image\/jpeg\" \/>\n<meta name=\"twitter:card\" content=\"summary_large_image\" \/>\n<meta name=\"twitter:label1\" content=\"Est. reading time\" \/>\n\t<meta name=\"twitter:data1\" content=\"1 minute\" \/>\n<script type=\"application\/ld+json\" class=\"yoast-schema-graph\">{\"@context\":\"https:\/\/schema.org\",\"@graph\":[{\"@type\":\"WebPage\",\"@id\":\"https:\/\/modasabel.com\/en\/producto\/conjunto-coralia-elegante-de-dos-piezas-en-marron-chocolate\/\",\"url\":\"https:\/\/modasabel.com\/en\/producto\/conjunto-coralia-elegante-de-dos-piezas-en-marron-chocolate\/\",\"name\":\"Conjunto Coralia elegante de dos piezas en marr\u00f3n chocolate - MODA SABEL\",\"isPartOf\":{\"@id\":\"https:\/\/modasabel.com\/en\/#website\"},\"datePublished\":\"2026-04-13T08:14:59+00:00\",\"dateModified\":\"2026-04-13T08:23:54+00:00\",\"breadcrumb\":{\"@id\":\"https:\/\/modasabel.com\/en\/producto\/conjunto-coralia-elegante-de-dos-piezas-en-marron-chocolate\/#breadcrumb\"},\"inLanguage\":\"en-US\",\"potentialAction\":[{\"@type\":\"ReadAction\",\"target\":[\"https:\/\/modasabel.com\/en\/producto\/conjunto-coralia-elegante-de-dos-piezas-en-marron-chocolate\/\"]}]},{\"@type\":\"BreadcrumbList\",\"@id\":\"https:\/\/modasabel.com\/en\/producto\/conjunto-coralia-elegante-de-dos-piezas-en-marron-chocolate\/#breadcrumb\",\"itemListElement\":[{\"@type\":\"ListItem\",\"position\":1,\"name\":\"Inicio\",\"item\":\"https:\/\/modasabel.com\/en\/\"},{\"@type\":\"ListItem\",\"position\":2,\"name\":\"Tienda\",\"item\":\"https:\/\/modasabel.com\/tienda\/\"},{\"@type\":\"ListItem\",\"position\":3,\"name\":\"Conjunto Coralia elegante de dos piezas en marr\u00f3n chocolate\"}]},{\"@type\":\"WebSite\",\"@id\":\"https:\/\/modasabel.com\/en\/#website\",\"url\":\"https:\/\/modasabel.com\/en\/\",\"name\":\"MODA SABEL\",\"description\":\"Marcas de ropa hombre y mujer\",\"potentialAction\":[{\"@type\":\"SearchAction\",\"target\":{\"@type\":\"EntryPoint\",\"urlTemplate\":\"https:\/\/modasabel.com\/en\/?s={search_term_string}\"},\"query-input\":\"required name=search_term_string\"}],\"inLanguage\":\"en-US\"}]}<\/script>\n<!-- \/ Yoast SEO plugin. -->","yoast_head_json":{"title":"Conjunto Coralia elegante de dos piezas en marr\u00f3n chocolate - MODA SABEL","robots":{"index":"index","follow":"follow","max-snippet":"max-snippet:-1","max-image-preview":"max-image-preview:large","max-video-preview":"max-video-preview:-1"},"canonical":"https:\/\/modasabel.com\/en\/producto\/conjunto-coralia-elegante-de-dos-piezas-en-marron-chocolate\/","og_locale":"en_US","og_type":"article","og_title":"Conjunto Coralia elegante de dos piezas en marr\u00f3n chocolate - MODA SABEL","og_description":"El conjunto Coralia es la opci\u00f3n perfecta si buscas un conjunto elegante de dos piezas en color marr\u00f3n chocolate, con un estilo moderno, c\u00f3modo y muy favorecedor. Su tejido fluido con ligero acabado satinado aporta ese toque sofisticado que eleva cualquier look, tanto para eventos como para el d\u00eda a d\u00eda. La blazer cruzada con [&hellip;]","og_url":"https:\/\/modasabel.com\/en\/producto\/conjunto-coralia-elegante-de-dos-piezas-en-marron-chocolate\/","og_site_name":"MODA SABEL","article_modified_time":"2026-04-13T08:23:54+00:00","og_image":[{"width":1024,"height":1536,"url":"https:\/\/modasabel.com\/wp-content\/uploads\/2026\/04\/WhatsApp-Image-2026-03-23-at-17.46.40.jpeg","type":"image\/jpeg"}],"twitter_card":"summary_large_image","twitter_misc":{"Est. reading time":"1 minute"},"schema":{"@context":"https:\/\/schema.org","@graph":[{"@type":"WebPage","@id":"https:\/\/modasabel.com\/en\/producto\/conjunto-coralia-elegante-de-dos-piezas-en-marron-chocolate\/","url":"https:\/\/modasabel.com\/en\/producto\/conjunto-coralia-elegante-de-dos-piezas-en-marron-chocolate\/","name":"Conjunto Coralia elegante de dos piezas en marr\u00f3n chocolate - MODA SABEL","isPartOf":{"@id":"https:\/\/modasabel.com\/en\/#website"},"datePublished":"2026-04-13T08:14:59+00:00","dateModified":"2026-04-13T08:23:54+00:00","breadcrumb":{"@id":"https:\/\/modasabel.com\/en\/producto\/conjunto-coralia-elegante-de-dos-piezas-en-marron-chocolate\/#breadcrumb"},"inLanguage":"en-US","potentialAction":[{"@type":"ReadAction","target":["https:\/\/modasabel.com\/en\/producto\/conjunto-coralia-elegante-de-dos-piezas-en-marron-chocolate\/"]}]},{"@type":"BreadcrumbList","@id":"https:\/\/modasabel.com\/en\/producto\/conjunto-coralia-elegante-de-dos-piezas-en-marron-chocolate\/#breadcrumb","itemListElement":[{"@type":"ListItem","position":1,"name":"Inicio","item":"https:\/\/modasabel.com\/en\/"},{"@type":"ListItem","position":2,"name":"Tienda","item":"https:\/\/modasabel.com\/tienda\/"},{"@type":"ListItem","position":3,"name":"Conjunto Coralia elegante de dos piezas en marr\u00f3n chocolate"}]},{"@type":"WebSite","@id":"https:\/\/modasabel.com\/en\/#website","url":"https:\/\/modasabel.com\/en\/","name":"MODA SABEL","description":"Marcas de ropa hombre y mujer","potentialAction":[{"@type":"SearchAction","target":{"@type":"EntryPoint","urlTemplate":"https:\/\/modasabel.com\/en\/?s={search_term_string}"},"query-input":"required name=search_term_string"}],"inLanguage":"en-US"}]}},"_links":{"self":[{"href":"https:\/\/modasabel.com\/en\/wp-json\/wp\/v2\/product\/11512","targetHints":{"allow":["GET"]}}],"collection":[{"href":"https:\/\/modasabel.com\/en\/wp-json\/wp\/v2\/product"}],"about":[{"href":"https:\/\/modasabel.com\/en\/wp-json\/wp\/v2\/types\/product"}],"replies":[{"embeddable":true,"href":"https:\/\/modasabel.com\/en\/wp-json\/wp\/v2\/comments?post=11512"}],"wp:featuredmedia":[{"embeddable":true,"href":"https:\/\/modasabel.com\/en\/wp-json\/wp\/v2\/media\/11514"}],"wp:attachment":[{"href":"https:\/\/modasabel.com\/en\/wp-json\/wp\/v2\/media?parent=11512"}],"wp:term":[{"taxonomy":"marca-hombre","embeddable":true,"href":"https:\/\/modasabel.com\/en\/wp-json\/wp\/v2\/marca-hombre?post=11512"},{"taxonomy":"marca-interior-hombre","embeddable":true,"href":"https:\/\/modasabel.com\/en\/wp-json\/wp\/v2\/marca-interior-hombre?post=11512"},{"taxonomy":"marca-interior-mujer","embeddable":true,"href":"https:\/\/modasabel.com\/en\/wp-json\/wp\/v2\/marca-interior-mujer?post=11512"},{"taxonomy":"marca-mujer","embeddable":true,"href":"https:\/\/modasabel.com\/en\/wp-json\/wp\/v2\/marca-mujer?post=11512"},{"taxonomy":"product_brand","embeddable":true,"href":"https:\/\/modasabel.com\/en\/wp-json\/wp\/v2\/product_brand?post=11512"},{"taxonomy":"product_cat","embeddable":true,"href":"https:\/\/modasabel.com\/en\/wp-json\/wp\/v2\/product_cat?post=11512"},{"taxonomy":"product_tag","embeddable":true,"href":"https:\/\/modasabel.com\/en\/wp-json\/wp\/v2\/product_tag?post=11512"}],"curies":[{"name":"wp","href":"https:\/\/api.w.org\/{rel}","templated":true}]}}

Conjunto Coralia elegante de dos piezas en marrón chocolate

<p data-start="556" data-end="871">El <strong data-start="559" data-end="579">conjunto Coralia</strong> es la opción perfecta si buscas un <strong data-start="615" data-end="676">conjunto elegante de dos piezas en color marrón chocolate</strong>, con un estilo moderno, cómodo y muy favorecedor. Su tejido fluido con ligero acabado satinado aporta ese toque sofisticado que eleva cualquier look, tanto para eventos como para el día a día.</p>
<p data-start="873" data-end="1163">La blazer cruzada con cinturón permite ajustar la prenda y marcar la silueta, mientras que el pantalón de pierna ancha estiliza y aporta movimiento, creando un conjunto equilibrado y muy actual. Es una prenda versátil que puedes llevar junta para un look completo o combinar por separado.</p>
<p data-start="1165" data-end="1267">Una elección ideal para ir arreglada sin renunciar a la comodidad, siguiendo las últimas tendencias.</p>
<p data-start="1269" data-end="1332">📲 Para más información o pedidos: <strong data-start="1304" data-end="1330">622 491 371 (WhatsApp)</strong></p>

<p>El conjunto Coralia es la opción perfecta si buscas un conjunto elegante de dos piezas en color marrón chocolate, con un estilo moderno, cómodo y muy favorecedor. Su tejido fluido con ligero acabado satinado aporta ese toque sofisticado que eleva cualquier look, tanto para eventos como para el día a día. La blazer cruzada con [&hellip;]</p>

<!-- This site is optimized with the Yoast SEO plugin v22.1 - https://yoast.com/wordpress/plugins/seo/ -->
<title>Conjunto Coralia elegante de dos piezas en marrón chocolate - MODA SABEL</title>
<meta name="robots" content="index, follow, max-snippet:-1, max-image-preview:large, max-video-preview:-1" />
<link rel="canonical" href="https://modasabel.com/en/producto/conjunto-coralia-elegante-de-dos-piezas-en-marron-chocolate/" />
<meta property="og:locale" content="en_US" />
<meta property="og:type" content="article" />
<meta property="og:title" content="Conjunto Coralia elegante de dos piezas en marrón chocolate - MODA SABEL" />
<meta property="og:description" content="El conjunto Coralia es la opción perfecta si buscas un conjunto elegante de dos piezas en color marrón chocolate, con un estilo moderno, cómodo y muy favorecedor. Su tejido fluido con ligero acabado satinado aporta ese toque sofisticado que eleva cualquier look, tanto para eventos como para el día a día. La blazer cruzada con [&hellip;]" />
<meta property="og:url" content="https://modasabel.com/en/producto/conjunto-coralia-elegante-de-dos-piezas-en-marron-chocolate/" />
<meta property="og:site_name" content="MODA SABEL" />
<meta property="article:modified_time" content="2026-04-13T08:23:54+00:00" />
<meta property="og:image" content="https://modasabel.com/wp-content/uploads/2026/04/WhatsApp-Image-2026-03-23-at-17.46.40.jpeg" />
	<meta property="og:image:width" content="1024" />
	<meta property="og:image:height" content="1536" />
	<meta property="og:image:type" content="image/jpeg" />
<meta name="twitter:card" content="summary_large_image" />
<meta name="twitter:label1" content="Est. reading time" />
	<meta name="twitter:data1" content="1 minute" />
<script type="application/ld+json" class="yoast-schema-graph">{"@context":"https://schema.org","@graph":[{"@type":"WebPage","@id":"https://modasabel.com/en/producto/conjunto-coralia-elegante-de-dos-piezas-en-marron-chocolate/","url":"https://modasabel.com/en/producto/conjunto-coralia-elegante-de-dos-piezas-en-marron-chocolate/","name":"Conjunto Coralia elegante de dos piezas en marrón chocolate - MODA SABEL","isPartOf":{"@id":"https://modasabel.com/en/#website"},"datePublished":"2026-04-13T08:14:59+00:00","dateModified":"2026-04-13T08:23:54+00:00","breadcrumb":{"@id":"https://modasabel.com/en/producto/conjunto-coralia-elegante-de-dos-piezas-en-marron-chocolate/#breadcrumb"},"inLanguage":"en-US","potentialAction":[{"@type":"ReadAction","target":["https://modasabel.com/en/producto/conjunto-coralia-elegante-de-dos-piezas-en-marron-chocolate/"]}]},{"@type":"BreadcrumbList","@id":"https://modasabel.com/en/producto/conjunto-coralia-elegante-de-dos-piezas-en-marron-chocolate/#breadcrumb","itemListElement":[{"@type":"ListItem","position":1,"name":"Inicio","item":"https://modasabel.com/en/"},{"@type":"ListItem","position":2,"name":"Tienda","item":"https://modasabel.com/tienda/"},{"@type":"ListItem","position":3,"name":"Conjunto Coralia elegante de dos piezas en marrón chocolate"}]},{"@type":"WebSite","@id":"https://modasabel.com/en/#website","url":"https://modasabel.com/en/","name":"MODA SABEL","description":"Marcas de ropa hombre y mujer","potentialAction":[{"@type":"SearchAction","target":{"@type":"EntryPoint","urlTemplate":"https://modasabel.com/en/?s={search_term_string}"},"query-input":"required name=search_term_string"}],"inLanguage":"en-US"}]}</script>
<!-- / Yoast SEO plugin. -->

Conjunto Coralia elegante de dos piezas en marrón chocolate - MODA SABEL

El conjunto Coralia es la opción perfecta si buscas un conjunto elegante de dos piezas en color marrón chocolate, con un estilo moderno, cómodo y muy favorecedor. Su tejido fluido con ligero acabado satinado aporta ese toque sofisticado que eleva cualquier look, tanto para eventos como para el día a día. La blazer cruzada con [&hellip;]
